 -2*n - 10. Let p(z) = 3*j(z) - 2*r(z). Calculate p(t).
-2
Let h(k) be the second derivative of -1/6*k**3 + 0 - 7/2*k**2 - k. Let i = -8 + 5. Determine h(i).
-4
Let p = -58 - -38. Let u be (4 + 1)*(-8)/p. Let s(i) = 7*i - 7*i + 7*i**u. What is s(1)?
7
Let f = -5 - -6. Let n(u) = 0*u**2 + 5*u + u**3 - 2*u**2 + f - 5*u. What is n(1)?
0
Let v(z) = z - 1 - 4*z - 8*z**2 + 9*z**2. Determine v(6).
17
Let t(p) = -4*p + 3*p**2 + 2 - 15*p**3 + 1 + 13*p**3. Calculate t(2).
-9
Let u(d) = 2*d**3 + 2*d**2 + d - 1. Suppose -j = -s - 7, 16 = -3*s - 2*j + 4*j. Calculate u(s).
-11
Let z(f) be the second derivative of -f**4/12 - f**3/6 - f**2 + 3*f. Let k(x) be the first derivative of z(x). Determine k(4).
-9
Let i(f) be the second derivative of f**4/3 + f**2/2 - 2*f. Suppose 8*o + 8 = -0. Calculate i(o).
5
Let v(w) = 2*w**3 + 6*w**2 - 7*w. Let h(q) = q**3 + q**2 - 1. Suppose -3*d + 0*d = 2*a + 13, a + 9 = -4*d. Let r(t) = d*h(t) + v(t). What is r(-6)?
7
Let x(w) = -5*w**2 + 3*w - 2. Let a(v) = 11*v**2 - 7*v + 4. Let q(u) = 4*a(u) + 9*x(u). Let t(o) = 6*o - 21. Let k be t(3). What is q(k)?
-8
Let i(t) = t**3 + 3*t**2 - 4*t + 4. Let k be -2 - -2 - (-8)/4. Suppose k*u - 3 = 7. Suppose 0 = -u*l + 11 - 31. Determine i(l).
4
Let a(t) = t + 1. Let y(g) = -g**3 - g**2 + g + 4. Let s be y(0). Let x be a(s). Let c(b) be the third derivative of b**4/24 - b**3/6 - 2*b**2. Determine c(x).
4
Suppose -i - 10 = -4. Let t = i - -8. Let c(x) = -8*x**3 + 9 + 0*x**2 - 8 + 0*x**t. Calculate c(-1).
9
Let a(d) = 3 - 6*d + d**2 - 1 + 1. Let j = -35 + 39. What is a(j)?
-5
Let s(w) be the second derivative of w**8/6720 - w**7/840 + w**5/30 + w**4/2 + 2*w. Let f(l) be the third derivative of s(l). Calculate f(3).
4
Let s(d) = 5*d**3 + 4*d**2 - 3*d + 11. Let a(z) = z**3 + z**2 - z. Let x(f) = 4*a(f) - s(f). Determine x(0).
-11
Let h = 4 + -8. Let v(q) = -4*q - 5. Determine v(h).
11
Let j = -8 - -14. Let w(q) be the second derivative of q**5/20 - 5*q**4/12 - 7*q**3/6 + 3*q**2 - 3*q - 18. What is w(j)?
0
Let n be -13 + 12 + (-16)/(-2). Let p(v) = v**3 - 6*v**2 - 7*v + 8. Calculate p(n).
8
Let n = 9 + -15. Let j(o) = -o**3 - 6*o**2 + 3*o + 6. Give j(n).
-12
Let c(o) = -o - 2. Let y be c(-7). Suppose 0*z = z + 5, -y*z = -g + 22. Let d(k) = k**3 + k**2 - 3*k + 4. Give d(g).
-5
Let b(r) = 3*r - 2. Let n(i) = i**3 + 6*i**2 - 7*i + 3. Let h be n(-7). Calculate b(h).
7
Let y(p) = p**2 + 5*p - 2. Let r be y(-6). Suppose -r*j = -2 - 6. Let u(n) = -n + 7 - 2 - 4 - n**2. What is u(j)?
-5
Let s(o) = -o + 1. Let y(w) be the second derivative of -7*w**3/6 + 7*w**2/2 - 8*w. Let m(t) = 6*s(t) - y(t). Give m(-6).
-7
Let g(h) = -4 + 5 + 6 + 5*h**2 + 4*h - 2 + h**3. Give g(-4).
5
Let h(x) be the third derivative of -x**5/60 + x**4/4 - 2*x**2. Let k = -24 - -30. Determine h(k).
0
Let r(a) be the first derivative of -a**2/2 + 2*a + 20. Let k be 1/(2 - (-2)/(-2)). Suppose 4 = q + k. Calculate r(q).
-1
Let g(i) = 2*i + 1. Suppose 1 = -3*w - 8. Let v = -2 - w. Suppose 2*p - 5 = -v. Calculate g(p).
5
Let n(b) = -5*b**3 - b - 1. Let v be -5 + 6/4*2. Let q be (-5)/(-10) + 3/v. Determine n(q).
5
Let j(i) = -i**3 + 6*i**2 + i. Let m be j(6). Let a(b) = 2*b + 3*b - m*b - 5*b. Let k(s) = s**2 - 6*s + 6. Let f be k(5). Give a(f).
-6
Let h(t) be the second derivative of t**4/24 - t**3/3 - 2*t**2 + 3*t. Let z(i) be the first derivative of h(i). Determine z(-5).
-7
Let n(j) = -13*j - 11. Let a(s) = -6*s - 5. Let q(g) = 9*a(g) - 4*n(g). Calculate q(-3).
5
Let f(g) = 6*g**2 - 4*g - 1. Let j(b) = -b**2 + 2*b - 1. Let l(t) = f(t) + 5*j(t). Suppose v + 2*v = -18. Calculate l(v).
-6
Let t(r) = 6*r**3 + 8*r**2 - 10*r - 5. Let c be 8/6 - (-3)/(-9). Let s(b) = -b**3 - b**2 + b + 1. Let p(d) = c*t(d) + 5*s(d). Give p(-4).
4
Suppose 8*j = 5*j + 84. Let h(p) = 3*p - 28 + j. Calculate h(-2).
-6
Let b(k) = -k**3 + 7*k**2 + 6. Suppose 4*o - d - 29 = 0, -5*o + 38 = -d + 2. What is b(o)?
6
Suppose 8*t + 1 = -15. Let x(u) = -4*u**2 - u - 2. Determine x(t).
-16
Let x(d) be the third derivative of d**5/60 + d**4/12 + d**3/6 - 2*d**2. Determine x(-4).
9
Let b(r) be the second derivative of 3*r**5/10 + r**4/6 - r**2/2 + 5*r. Give b(-1).
-5
Let b(t) = -2*t**3 - 3*t**2 - 2*t - 1. Let i(m) = -2*m + 6. Let h be i(4). Calculate b(h).
7
Let j(g) be the third derivative of -g**7/840 - g**6/120 + g**5/40 + g**4/6 - g**3/6 + 2*g**2. Let p(z) be the first derivative of j(z). Calculate p(-3).
-5
Let a(r) be the second derivative of r**4/12 + 5*r**3/6 - 3*r**2/2 - 19*r. Calculate a(-6).
3
Let t = 14 - 11. Let g(u) = 1. Let n(o) = o + 5. Let m(b) = t*g(b) - n(b). Give m(-3).
1
Let g be (-12)/(-10)*(1 + 9). Let u be (g/20)/(2/10). Let h(v) = -v**3 + 4*v**2 - v - 1. Determine h(u).
5
Suppose 0 = 3*y + m - 12 - 3, 0 = 5*m. Suppose 4*o - 13 = -y. Let a(x) = 4 - o - 1 + x. Calculate a(5).
6
Let n be 0/((-2)/(-4)*-2). Suppose 2*u - 20 = -5*t + 9, 5*u + 3*t - 25 = n. Let k(i) = -i**2 + 10*i + i**u - 5 - 3*i - i**2. Determine k(4).
7
Let a(s) = 2*s**2 - s. Let t(q) be the first derivative of q**4/4 - 7*q**3/3 - q + 5. Let z be t(7). Calculate a(z).
3
Let r(k) = k**3 + 10*k**2 - 3*k + 5. Let q(t) = 3*t**3 + 29*t**2 - 10*t + 14. Let v(o) = -4*q(o) + 11*r(o). Give v(-7).
-1
Let k(b) = b - 3. Suppose r = -3*q + 14, -2*q + 6*q - 2*r = 2. Calculate k(q).
0
Let n(r) = r**3 - 3*r**2 - r - 1. Suppose 3*v - 2 = 2*z + 13, 4*z + 20 = 4*v. Let c = -2 + v. Let b = c + 0. What is n(b)?
-4
Let p(q) = q - 2. Let c = -9 + 11. Let k be p(c). Let o(m) = -5*m + 3 - m + 5*m**2 - 4*m**2 + k*m. What is o(4)?
-5
Let t(i) = i**2 - 8*i + 11. Let w be t(5). Let c(g) = -g**2 + 2*g + 4. What is c(w)?
-20
Suppose -4*u + 36 = 4*x, u - 4*x + 1 = -5. Let l(n) = n**3 - 7*n**2 + 5*n + 5. Calculate l(u).
-1
Let f(a) be the second derivative of 19*a**3/6 - 26*a. Give f(1).
19
Let b be -4 + (-3 - (0 - 12)). Let c(v) = v**3 + 5*v**2 - v + 4. Let i(n) = -4*n**3 - 15*n**2 + 3*n - 11. Let o(a) = -7*c(a) - 2*i(a). Give o(b).
-1
Let p = -20 + 5. Let a be (-4)/3*p/(-10). Let n(d) = -13*d**2 - d + 2 + 3*d - d**3 + 11*d**2 - d. Calculate n(a).
0
Let c(k) = -k**3 + 13*k**2 - 11*k - 12. Let x be c(12). Let b(n) = -6*n + 0*n + x*n - 6 + 0*n. Let d(q) = 7*q + 5. Let s(t) = 6*b(t) + 5*d(t). Give s(0).
-11
Let p(d) be the second derivative of -3*d**2 - 1/6*d**3 + 0 - 2*d + 1/12*d**4. Let h be 0*-2*(-1)/2. What is p(h)?
-6
Suppose -355 = -3*g - 5*k, 0 = -5*g + 2*k - 7*k + 575. Suppose -p + g = 4*p. Suppose -6 + p = 4*q. Let b(l) = -l + 6. What is b(q)?
2
Let c(f) be the first derivative of -f**3/3 - 2*f**2 + 3*f + 3. What is c(-4)?
3
Suppose 0 = -c + 4*p - 13, -p + 0 + 1 = -c. Let g(z) = 3*z + 2. Determine g(c).
11
Let g(i) = -1 + 2*i**3 + 4*i**3 + i - 7*i**3 + 6*i**2. Let m(u) = -u + 14. Let q be m(8). Determine g(q).
5
Let k(w) = 3*w**3 + 5*w**2 - 15*w + 2. Let z be ((-4)/(-5))/(2/(-5)). Let x(u) = u**3 + 2*u**2 - 5*u + 1. Let c(n) = z*k(n) + 7*x(n). Calculate c(-5).
3
Let g(l) = l**3 - 7*l**2 + l - 5. Let v be g(7). Let h(q) = 1 - 5*q + 2*q + 0*q**2 + q**2 - v*q**2. Give h(-4).
-3
Suppose 1 + 3 = 2*s. Suppose -3*o + 4*o - 7 = -s*v, -5 = -v. Let l(i) = i**2 - 3*i - 4. Calculate l(o).
14
Let s(c) = c**2 - 2*c + 3. Let d(a) = -a**2 - 2*a + 3. Let v be d(-2). Suppose 2*u - 3 = v. Determine s(u).
6
Let k(i) = 5*i - 3*i - 5 - 2*i - i. Give k(-4).
-1
Let z(p) = -2*p + 7. Let n be 18/10*(0 - (-30)/9). Calculate z(n).
-5
Let m(j) = -j**2 + 0*j**2 + 7 + 1 - 3. What is m(-4)?
-11
Let k(r) = r + 1. Let c(t) = t + 7. Let f(a) = -c(a) + 2*k(a). Let z be (-56)/(-30) + (-10)/(-75). Let s = 2 + z. Determine f(s).
-1
Let j(w) = -2*w**3 + w**2 + w + 1. Let x = -20 - -19. Determine j(x).
3
Let s(i) be the third derivative of -i**7/210 + i**6/360 + i**5/120 - i**4/24 + i**3/6 - i**2. Let k(c) be the first derivative of s(c). What is k(1)?
-3
Let t(j) be the third derivative of -j**4/8 + j**3/2 + 12*j**2. Suppose -5*g = -7 - 3. What is t(g)?
-3
Let l = 45 - 43. Let a(b) be the first derivative of 3 + 2*b + 1/2*b**l. What is a(-1)?
1
Suppose m - 3*m - 30 = 4*y, -59 = 5*m + 2*y. Let x = 7 + m. Let l(f) = -f - 4. Calculate l(x).
0
Let d(z) be the third derivative of z**6/120 + z**5/10 + z**4/12 + 4*z**3/3 - 19*z**2. Determine d(-6).
-4
Let t be (-2)/2*33/3. Let a = 5 + t. Let z be -2*1*(-3)/a. Let b(l) = 8*l**2 + l + 1. Calculate b(z).
8